test common factor of 4375 and 21525?
175
What is the highest common divisor of 75491 and 52?
13
What is the highest common factor of 316330 and 56?
14
Calculate the greatest common divisor of 52022 and 228.
38
Calculate the greatest common divisor of 98322 and 266.
14
What is the greatest common divisor of 1684290 and 460?
230
Calculate the highest common divisor of 263 and 73.
1
What is the highest common factor of 296 and 20054?
74
What is the highest common factor of 70232 and 48?
8
What is the highest common factor of 1564008 and 96?
24
What is the greatest common divisor of 92650 and 109?
109
Calculate the highest common factor of 3588 and 231972.
156
What is the greatest common divisor of 5 and 126745?
5
What is the greatest common factor of 12627 and 135?
9
What is the highest common divisor of 945797 and 197?
197
Calculate the highest common divisor of 222027 and 897.
39
Calculate the highest common divisor of 245285 and 55.
5
Calculate the greatest common factor of 399 and 1460739.
399
What is the highest common factor of 7117347 and 1527?
1527
Calculate the greatest common factor of 36 and 4716.
36
Calculate the greatest common factor of 131994 and 486.
18
What is the highest common factor of 15355 and 7138?
83
Calculate the highest common divisor of 15 and 108708.
3
Calculate the greatest common factor of 117 and 1689.
3
What is the highest common divisor of 197613 and 24921?
351
Calculate the highest common divisor of 250 and 1586125.
125
What is the highest common divisor of 78316 and 28?
28
Calculate the highest common divisor of 21450 and 54912.
858
Calculate the greatest common divisor of 75546 and 81.
27
What is the highest common factor of 231 and 4472622?
231
What is the highest common divisor of 2192 and 33504?
16
What is the greatest common factor of 365 and 93805?
365
Calculate the highest common divisor of 12548 and 36.
4
What is the greatest common divisor of 1952 and 20025568?
1952
Calculate the highest common divisor of 3742 and 11.
1
Calculate the greatest common divisor of 124 and 22537.
31
What is the greatest common factor of 3130532 and 584?
292
What is the highest common divisor of 363 and 101035?
121
What is the highest common divisor of 108 and 538704?
108
Calculate the greatest common divisor of 28 and 1738856.
28
What is the highest common factor of 2735 and 180?
5
What is the greatest common factor of 123 and 2624?
41
What is the highest common factor of 137049 and 132?
33
Calculate the greatest common factor of 300400 and 160.
80
What is the greatest common factor of 65464 and 92351?
1169
Calculate the highest common factor of 2 and 128338.
2
What is the greatest common divisor of 703 and 9102?
37
What is the highest common divisor of 228 and 43308?
12
What is the greatest common divisor of 51813 and 76?
19
What is the highest common divisor of 30 and 103440?
30
What is the highest common factor of 3649 and 7387?
89
What is the highest common factor of 15856 and 104?
8
What is the greatest common factor of 24742 and 15568?
278
What is the highest common factor of 14579 and 2151?
239
What is the highest common factor of 266 and 12308884?
266
What is the highest common factor of 789270 and 30?
30
Calculate the greatest common factor of 165 and 2035.
55
What is the greatest common divisor of 42347 and 2726?
47
Calculate the greatest common divisor of 60 and 156930.
30
Calculate the greatest common factor of 927486 and 483.
21
Calculate the greatest common divisor of 122 and 1253611.
61
What is the highest common divisor of 596629 and 803?
803
What is the greatest common divisor of 38 and 98?
2
What is the greatest common factor of 154 and 46522?
14
What is the highest common divisor of 388071 and 486?
243
Calculate the greatest common divisor of 589 and 3503.
31
Calculate the highest common factor of 2106257 and 1.
1
Calculate the highest common divisor of 836 and 38874.
418
Calculate the greatest common factor of 909 and 50096.
101
Calculate the highest common factor of 13 and 389207.
13
Calculate the greatest common factor of 15 and 111.
3
What is the greatest common factor of 14995 and 20?
5
Calculate the highest common divisor of 34845 and 21735.
345
What is the highest common divisor of 32676 and 1428?
84
Calculate the highest common factor of 405994 and 2006.
34
Calculate the greatest common factor of 760144 and 3696.
1232
What is the highest common factor of 5868 and 4?
4
Calculate the greatest common factor of 756 and 1105083.
189
Calculate the highest common divisor of 8974 and 14.
14
Calculate the greatest common factor of 28954 and 496.
62
What is the highest common divisor of 124442 and 1462?
86
Calculate the highest common divisor of 26 and 352651.
13
What is the greatest common divisor of 39 and 52299?
39
What is the greatest common divisor of 945 and 672210?
315
What is the highest common factor of 5532362 and 121?
121
What is the highest common factor of 14513 and 23?
23
Calculate the greatest common divisor of 52 and 757.
1
What is the highest common divisor of 36339 and 69?
3
Calculate the greatest common divisor of 1474 and 811437.
737
Calculate the highest common factor of 20 and 28570.
10
What is the greatest common divisor of 668 and 121743?
167
What is the greatest common divisor of 29915 and 24180?
155
Calculate the highest common factor of 880157 and 904.
113
Calculate the greatest common divisor of 1640 and 28.
4
Calculate the highest common factor of 640 and 512.
128
Calculate the greatest common divisor of 239948 and 11596.
892
Calculate the highest common factor of 40242 and 684.
114
Calculate the greatest common divisor of 17820 and 70.
10
What is the greatest common factor of 18 and 47250?
18
What is the greatest common divisor of 6032 and 27521?
377
What is the greatest common factor of 648356 and 1?
1
Calculate the greatest common factor of 383 and 1039079.
383
What is the highest common factor of 47360 and 4810?
370
Calculate the greatest common divisor of 12462 and 1209.
93
Calculate the greatest common factor of 682719 and 6.
3
What is the greatest common factor of 8 and 33?
1
Calculate the greatest common factor of 649 and 58469.
59
What is the greatest common divisor of 6327 and 80586?
333
What is the greatest common factor of 23975 and 4247?
137
Calculate the highest common divisor of 2920 and 140760.
40
Calculate the highest common factor of 30342 and 3890.
778
Calculate the highest common factor of 13 and 2493049.
13
Calculate the highest common divisor of 4071 and 47967.
177
What is the greatest common divisor of 1686 and 6918?
6
Calculate the highest common divisor of 6821 and 136779.
359
What is the greatest common divisor of 22 and 179971?
11
What is the greatest common factor of 434 and 25761?
31
What is the highest common divisor of 1071 and 351?
9
Calculate the highest common divisor of 71730 and 66.
6
What is the highest common divisor of 20725 and 200?
25
Calculate the highest common divisor of 147152 and 3128.
136
Calculate the highest common divisor of 110 and 170082.
22
What is the highest common divisor of 100968 and 3024?
168
Calculate the greatest common factor of 405929 and 267.
89
What is the greatest common divisor of 12 and 1328772?
12
Calculate the greatest common factor of 42364 and 2225.
89
What is the highest common divisor of 15 and 235005?
15
What is the greatest common divisor of 212920 and 184?
8
Calculate the highest common divisor of 1593 and 20001.
177
Calculate the highest common factor of 498 and 35690.
166
Calculate the highest common factor of 619010 and 185.
185
Calculate the highest common divisor of 2547 and 172347.
849
What is the greatest common divisor of 512483 and 67?
67
What is the highest common divisor of 99063 and 243?
81
Calculate the highest common divisor of 267809 and 489.
163
Calculate the highest common factor of 318 and 78.
6
Calculate the highest common divisor of 5490 and 1890.
90
What is the highest common factor of 6168 and 384?
24
Calculate the highest common divisor of 78738 and 462.
66
What is the highest common factor of 992 and 288052?
124
What is the highest common factor of 1246 and 3262?
14
Calculate the highest common factor of 7300 and 18500.
100
What is the highest common factor of 2742682 and 24